41203204
In base 5, what is 3 + 140312?
140320
In base 4, what is -22 - -30323330?
30323302
In base 4, what is 20033300 - -2?
20033302
In base 9, what is 1506 - 6204?
-4587
In base 7, what is 2 - 65114?
-65112
In base 11, what is -769 + -9a?
-858
In base 6, what is 15 - -1434?
1453
In base 10, what is 0 + 66983?
66983
In base 5, what is -21 + -34040210?
-34040231
In base 12, what is 14a6 - 541?
b65
In base 10, what is 28193 - 13?
28180
In base 4, what is 101 + 10000?
10101
In base 5, what is 0 - -101314?
101314
In base 3, what is -12010121012 + 212?
-12010120100
In base 7, what is 46035 - -5?
46043
In base 14, what is -5c4 + -1?
-5c5
In base 9, what is -2636448 + 0?
-2636448
In base 4, what is -3 + 121002?
120333
In base 8, what is 423142 - 2?
423140
In base 15, what is 3704e - 10?
3703e
In base 6, what is -135 + -12534?
-13113
In base 9, what is 3 + -48463?
-48460
In base 11, what is -23 - -20a49?
20a26
In base 6, what is 41 - -52314?
52355
In base 5, what is 312201220 + 0?
312201220
In base 15, what is 244 - 1e1?
53
In base 6, what is 1303 + -110320?
-105013
In base 5, what is -1033132 - -4?
-1033123
In base 7, what is 13144 - -1032?
14206
In base 8, what is -744 - 5344?
-6310
In base 15, what is 2 + -b712b?
-b7129
In base 3, what is 122110221 - -10?
122111001
In base 16, what is 3bfb9 + 7?
3bfc0
In base 4, what is -11 + -1332011?
-1332022
In base 15, what is -2 + 22c30?
22c2d
In base 8, what is -5 + -5153772?
-5153777
In base 9, what is 2123 - 81?
2032
In base 14, what is -25823 + 2?
-25821
In base 15, what is -152d + 8d?
-1490
In base 10, what is -213 - 125?
-338
In base 13, what is -29a - -1593?
12c6
In base 15, what is -267847 - 4?
-26784b
In base 8, what is 565272 + 11?
565303
In base 8, what is 50 + 34220?
34270
In base 12, what is -114217 + 21?
-1141b6
In base 8, what is -1106253 - -7?
-1106244
In base 11, what is 415450 + -3?
415448
In base 15, what is 1672e - 1?
1672d
In base 9, what is 77 - 111?
-23
In base 15, what is -11ab - b?
-11b7
In base 3, what is -1012111010 + -1?
-1012111011
In base 9, what is -11430 + 7?
-11422
In base 12, what is 14364 + 2?
14366
In base 4, what is 12220301 - -3?
12220310
In base 3, what is 10 - 120110012?
-120110002
In base 2, what is -1001101111100111 + -101?
-1001101111101100
In base 10, what is 2 + -12944?
-12942
In base 15, what is 9 + -15318?
-1530e
In base 11, what is 736 - -76?
801
In base 3, what is 22012 + -1000020102?
-222221020
In base 11, what is 1032 + -160?
982
In base 2, what is 11000111000011 - 1000100?
11000101111111
In base 7, what is 1 + -1063504?
-1063503
In base 10, what is -28142 - 4?
-28146
In base 9, what is -5 - 4337?
-4343
In base 13, what is 8139 - -1?
813a
In base 10, what is 1 + -73051?
-73050
In base 8, what is -353 + 1024?
451
In base 8, what is 173237 - 3?
173234
In base 11, what is -6 + -4?
-a
In base 13, what is 34 + -162?
-12b
In base 10, what is -6 - -27286?
27280
In base 7, what is 14623404 + -1?
14623403
In base 14, what is -42b - -217?
-214
In base 13, what is -5 - -18100?
180c8
In base 13, what is 3 + -59185?
-59182
In base 12, what is 1a256 - -5?
1a25b
In base 13, what is c34c4 - 7?
c34ba
In base 10, what is 3 + -11349?
-11346
In base 12, what is -5 + -46b33?
-46b38
In base 11, what is -1 + 144570?
14456a
In base 11, what is 212649 + 2?
212650
In base 6, what is -443 + 2532?
2045
In base 9, what is -103437 + -68?
-103516
In base 15, what is 46c1 - 3?
46bd
In base 12, what is 2 + 13a64b?
13a651
In base 7, what is -6 - 3150560?
-3150566
In base 11, what is -5 + -20705?
-2070a
In base 16, what is e - -8bb7?
8bc5
In base 9, what is 24105 + 2?
24107
In base 13, what is -2b + -16?
-44
In base 5, what is 31010 - -11?
31021
In base 16, what is 0 - -f50?
f50
In base 8, what is -4 - 112237?
-112243
In base 15, what is 2 + 10b7?
10b9
In base 3, what is -22112 - 1022010?
-1121122
In base 2, what is -11000100111011001100 - -1?
-11000100111011001011
In base 2, what is 100010 + 10101101011?
10110001101
In base 8, what is 11 - 12666?
-12655
In base 13, what is -7b + -3033?
-30b1
In base 5, what is -20123 - 0?
-20123
In base 15, what is -3c37 + 4?
-3c33
In base 14, what is 118 - -401?
519
In base 16, what is 42ec - 93?
4259
In base 3, what is 2 + 21200?
21202
In base 15, what is -6a07 - -18?
-69de
In base 6, what is -11 - 24?
-35
In base 16, what is -1ec - 185?
-371
In base 8, what is 112750 - -3?
112753
In base 16, what is 4 + 22cf7?
22cfb
In base 9, what is 21836 + -7?
21828
In base 5, what is -2 - -11213433?
11213431
In base 13, what is -aa42 + 9?
-aa36
In base 13, what is 104 - 616?
-512
In base 10, what is -35173 - -3?
-35170
In base 9, what is 20764 - 5?
20758
In base 14, what is 1 - -17?
18
In base 9, what is -4 + 1435?
1431
In base 7, what is 0 + 2213?
2213
In base 15, what is 7 + 10c54?
10c5b
In base 6, what is -52 + -231?
-323
In base 12, what is -6 + 88393?
88389
In base 11, what is -2 + -4870?
-4872
In base 5, what is 1402 - -10312?
12214
In base 16, what is -13316b - -5?
-133166
In base 13, what is -3814 - -57?
-378a
In base 7, what is 126106 - -2?
126111
In base 2, what is 111111 - 111101110010110?
-111101101010111
In base 16, what is -c25 - 6?
-c2b
In base 14, what is -1d59d - 30?
-1d5cd
In base 10, what is -57 + 4837?
4780
In base 15, what is 6 + -5316?
-5310
In base 11, what is -1 + -593a?
-5940
In base 4, what is -20 - 2230301?
-2230321
In base 6, what is 134 - 41541?
-41403
In base 15, what is 40d73 - -3?
40d76
In base 8, what is -503 + -17646?
-20351
In base 8, what is 25 - 12762?
-12735
In base 7, what is -13116 - 32?
-13151
In base 9, what is -4 - 21203?
-21207
In base 6, what is 5314 + 205?
5523
In base 15, what is 4 + 3998?
399c
In base 5, what is 1 - 101303?
-101302
In base 16, what is 1321 - -6?
1327
In base 8, what is 0 - 6243?
-6243
In base 9, what is 14 + 1235?
1250
In base 3, what is 10120 - -102220?
120110
In base 14, what is 2 - d8?
-d6
In base 16, what is 89 + -99d?
-914
In base 13, what is 79c + 0?
79c
In base 9, what is 4241 + 1635?
5876
In base 14, what is -6 + -1009?
-1011
In base 11, what is -13607 + -7?
-13613
In base 14, what is -4 + -15c3?
-15c7
In base 7, what is 2 + 1045?
1050
In base 9, what is 25 - -1352?
1377
In base 13, what is 1 + -1687b5?
-1687b4
In base 8, what is 16 + -41?
-23
In base 3, what is -1122 - 2012111?
-2021010
In base 14, what is 1a + -4d0?
-4b4
In base 11, what is 9 + -276276?
-276268
In base 12, what is 2 - 66854?
-66852
In base 11, what is -2 - -18287?
18285
In base 6, what is -244235 - -2?
-244233
In base 8, what is -176626 - -34?
-176572
In base 5, what is -2 - -40322322?
40322320
In base 11, what is -203 - a4?
-2a7
In base 10, what is -5 - 6141?
-6146
In base 8, what is -52065 + 3?
-52062
In base 3, what is -1011021 + 2100?
-1001221
In base 12, what is -70 + 91?
21
In base 2, what is -10 - -1001011001011?
1001011001001
In base 13, what is -8737 + -11?
-8748
In base 7, what is 1032 + 306?
1341
In base 16, what is -1 + 5ff?
5fe
In base 14, what is -2 + 14516?
14514
In base 9, what is -8581231 - 4?
-8581235
In base 5, what is 11 + 20402032?
20402043
In base 13, what is -6 - 7c5b?
-7c64
In base 10, what is 1450 - 2?
1448
In base 15, what is -47 + c791?
c749
In base 2, what is 111111010001011 + -11100?
111111001101111
In base 8, what is -516337 + -5?
-516344
In base 15, what is 2 - -9055?
9057
In base 5, what is -33300 + 23?
-33222
In base 4, what is 113133 + 10330?
130123
In base 5, what is 4 + -3103123?
-3103114
In base 15, what is -3 + 27091?
2708d
In base 12, what is 13b03 + 3?
13b06
In base 8, what is -475 - -7013?
6316
In base 10, what is -10762 + 4?
-10758
In base 7, what is -114350 + -115?
-114465
In base 2, what is -110000011011111 + 1110111?
-110000001101000
In base 11, what is -1 - 19229?
-1922a
In base 8, what is -455167 + 1?
-455166
In base 8, what is 6 + -64344?
-64336
In base 9, what is -13 - 132277?
-132301
In base 8, what is 101315 - -34?
101351
In base 14, what is 1c6 + -101?
c5
In base 12, what is 2 - -3886?
3888
In base 16, what is 86 - -22c?
2b2
In base 15, what is -1e613 + -7?
-1e61a
In base 7, what is 64 - 111665?
-111601
In base 12, what is 33616 - -6?
33620
In base 13, what is 39 + -10a1?
-1065
In base 13, what is -4384 - -5?
-437c
In base 5, what is -21 + 2122401?
2122330
In base 12, wha